-17)
-25
Calculate -17 + (52 - (32 - 28)).
31
What is -33 - -8 - -8 - 21 - (-4 - 1)?
-33
What is the value of (19 - 6) + -31 - -23?
5
Evaluate -1 - (2 + -5) - 10.
-8
Evaluate 4 + -6 - ((3 - 1) + 4 + -6).
-2
What is the value of -1 + -2 + (-11 + 31 + -6 - -8)?
19
What is 22 - (-1 + 1) - (-187 + 176)?
33
Calculate -8 + (18 - 11) + -10 + 2 - -3.
-6
Calculate (0 - -9) + (4 + -8 + 5 - 8).
2
What is 5 + 13 + -9 - (-2 + 4)?
7
Evaluate -35 + -2 + 0 + (-24 - -39).
-22
What is the value of 35 + -9 + (17 - 13)?
30
-22 + -1 - -20 - (3 + 10)
-16
Calculate 8 + (-21 - (5 + -3)).
-15
What is the value of 0 + (9 + -8 - -7) + -18 + -1?
-11
What is the value of -5 - 3 - (7 + -25)?
10
-22 + 16 + (13 - 8)
-1
-10 + 12 + (0 - (-2 + 10))
-6
-8 + (-1 - 1) + 2 + 4 + 5
1
0 + (36 - (-9 + 28))
17
What is the value of -50 - ((1 - 1 - 13) + -8)?
-29
(-15 - (-22 - -9)) + 7
5
-12 - (8 + -10 - ((4 - 3) + 6))
-3
What is the value of -1 + (4 - -1) - (9 + 1)?
-6
13 + (-19 - (1 - 11)) + 0 + -14
-10
What is the value of 37 + -18 - 18 - (3 + 7)?
-9
What is the value of 8 - (2 - -7 - -2)?
-3
-3 + -1 - (-30 + 69 + -45)
2
-5 - (-7 - (-9 + (-3 - 3) + 2))
-11
(-2 + -3 - (12 - (2 + 4))) + 6
-5
Evaluate 8 - (0 + -9 + -7 + 4).
20
Calculate -17 + 18 + 0 + -6 + 3 + 12.
10
What is the value of -8 + 8 + -13 - -18 - 15?
-10
What is (13 + -8 - 1) + (2 - -1) + 0?
7
What is the value of 3 + (20 + (0 - 12) - 10)?
1
-20 + (12 - (9 - (10 + -4)))
-11
Evaluate 4 + -2 + 15 - (-150 + 165).
2
(12 - (15 - (-12 + 6 + 12))) + -2
1
What is 17 + 0 - 14 - (-11 + -1)?
15
-9 + 25 + -36 + 8
-12
What is the value of -8 - (-14 + 11 + -1 + -14)?
10
What is the value of 17 + (-17 - -11) + -17?
-6
(-30 - -29) + 5 + -5 + 2 + -23
-22
31 - (-51 - -41 - -46)
-5
Evaluate -1 - (2 - 9) - (-100 + 111).
-5
What is 512 - 539 - (-23 - -1)?
-5
Evaluate -5 + 7 + 5 - (9 - (2 - 3)).
-3
What is the value of (170 - 152) + 0 + -34?
-16
Evaluate -9 + 0 - (17 - 3 - (39 - -1)).
17
Calculate -922 + 941 - (1 + 1 + 18).
-1
What is the value of 0 + 2 + (-20 - (45 + -33))?
-30
25 + -15 - -3 - -11
24
(-9 - -3 - -3) + (4 - 2) - 11
-12
(-15 - -4) + -2 + 1 + 0 + 3
-9
Evaluate 2 + -15 + 0 + (-342 - -354).
-1
What is 2 - (-3 + 9 - (5 - 6 - 8))?
-13
What is the value of -2 - (-4 - ((6 - 1) + 44 + -39))?
12
(-7 + -1 - (-12 - -3)) + 2
3
Evaluate 24 - (-1 + 8 + -2 - 12).
31
Calculate -330 + 335 + 2 + 0 + 0 + 2.
9
What is the value of 6 + (-14 + 28 - 18 - 8)?
-6
What is the value of 71 + -63 - (-6 + -5 - 6)?
25
What is (3 - (-1 + 0 + -2)) + (-55 - -64)?
15
Evaluate (-10 - (-4 - -2)) + -243 + 244.
-7
What is the value of -2 + (-14 - -8) + 23 + -6?
9
Evaluate 0 + -4 + (4 - 8) - 3.
-11
What is the value of 0 + 5 + (21 - 32) - -4?
-2
45 + (-49 - -22) + -17
1
What is 0 - (0 - -3) - (77 - 84)?
4
-53 - -50 - (-4 + -11)
12
Calculate (-6 - (-14 + 7)) + (2 - 4).
-1
Calculate (1 - -10) + -13 + 8.
6
Evaluate -5 + 6 + 4 + -5 + 9 + -6.
3
What is 4 + (-3 - (-1 + -6) - (-2 - 7))?
17
What is 12 - -14 - (6 - -12)?
8
What is the value of -14 - (-24 - (11 + -24))?
-3
Evaluate 6 + 5 + (8 - 19) + 10.
10
What is 6 + (-7 - (-5 + -1)) + (-38 - -14)?
-19
What is the value of 2 + 5 + -29 - (1 - -5)?
-28
(3 - 15 - -26) + -11 - (24 - 0)
-21
Evaluate 0 - 4 - (34 - (21 - -23)) - -10.
16
What is the value of (-23 - 13) + 3 + 10?
-23
(0 - 13) + 20 - 22
-15
-36 - (3 - 47 - -10)
-2
Evaluate 7 + (8 - -1 - (5 - (20 + -16))).
15
-99 + 106 + 4 + -28
-17
Calculate -17 + 9 + (9 - 8) + -1.
-8
Calculate -6 + 7 + -8 + -8 + 0 - 5.
-20
What is 12 + 6 + -5 - (2 - (-2 + 0))?
9
Evaluate -25 - (-5 + 15 + 5 + -14).
-26
Evaluate (1 - -1) + 3 - 0 - (196 + -187).
-4
Calculate (-8 - (19 - (9 - -6))) + (0 - 0).
-12
-26 - (19 + -5 + 2 - 10)
-32
Calculate (0 - -2 - (14 - (0 - -5))) + 3.
-4
(-8 + 5 - 2) + -3 + 3
-5
What is 10 - (-9 + (11 + 2 - 3))?
9
What is the value of 20 + (-12 - (-8 - 3))?
19
Calculate 16 + -1 + -6 + (10 + -7 - -1).
13
-23 + 28 + 6 - (-1 + 4)
8
Calculate -6 + -8 + 15 - -6.
7
Calculate (2 - 43) + (-32 - (-23 + -18)).
-32
(-5 - ((-4 - (10 + -8)) + 3)) + -3
-5
1 - 1 - (-74 + 31) - (14 + -2)
31
Calculate (-9 + 17 - 21) + 3.
-10
What is -8 + -3 + -9 + 5?
-15
Calculate -3 + 9 - (294 - 287).
-1
Evaluate (-46 - (-17 - 18)) + 37.
26
Evaluate -16 + (-8 + 3 - (4 + -14 - 1)).
-10
What is -6 + -1 + -6 + 3 + 10 + -6?
-6
What is 201 - 199 - (6 - -2)?
-6
Evaluate (2 + (-2 - -2) - -11) + 29 + -32.
10
What is the value of -3 + -24 + -8 + 27?
-8
What is (-13 - -32 - -2) + -15?
6
Calculate (-1 - -3) + -33 + -4 + 3.
-32
What is -9 + 14 + 4 + 12?
21
What is ((-43 - -13) + -3 - -4) + 5?
-24
Calculate 35 + (-13 - -6) + -27.
1
What is -66 - -57 - (1 - (-4 - -4))?
-10
What is 5 - (16 + 24 + -27)?
-8
What is the value of (-10 - (-4 - 2)) + 1 + -18?
-21
1 - (1 + -6 + 7 + 6) - -2
-5
What is -395 + 413 + (-2 + 0 + 4 - 5)?
15
What is the value of -29 + 46 + -26 - (-18 - -1)?
8
Evaluate 4 + -1 + (13 - (-14 - -18) - 12).
0
Calculate -18 + 15 + 1 + -3 - -16.
11
What is the value of -1310 - -1319 - (1 - 4 - 2)?
14
3 - (-14 - (-7 + 9 - 45))
-26
Evaluate 2 + (1 - 2) - (38 + -32).
-5
What is (-175 + 166 - (1 + -5)) + (-1 - -8)?
2
Calculate (-12 - (-12 + -1)) + (-7 - 26) - -4.
-28
Calculate -5 + -1 + (-43 + 66 - (-2 + 15)).
4
Calculate -8 + 4 + 6 - ((-6 - -4) + -6).
10
Evaluate (1 - 1) + -12 + (-7 - (-8 - 3)).
-8
Evaluate -26 + -8 + 9 + 4 + 4.
-17
Calculate 0 + (4 - 11) + 1 - -8 - -4.
6
Evaluate (-22 - -12 - (-20 - -5) - 8) + 5.
2
Calculate (14 - (9 + 4)) + -13 - 20.
-32
Evaluate 9 - (17 + -3) - -7.
2
What is the value of (-8 - -2) + (2 - (4 + -4)) + 4?
0
What is -2 + (-1 - 4) + -2 + (1608 - 1631)?
-32
3 - 12 - (-106 + 104)
-7
What is the value of 22 + (6 - (-20 - -30))?
18
Calculate (57 - 30 - 6) + 0.
21
Calculate 0 - (-2 + 5) - (-70 - -77).
-10
4 + -15 + 23 + -33
-21
Evaluate (2 + 1 - (1 + -1)) + -6066 + 6061.
-2
What is the value of 0 + 22 - (186 - 172)?
8
Evaluate 0 + 27 - (-1 + 2 + 3 - -4).
19
-35 + 4 + (24 - (15 - 1))
-21
16 - (15 + (11 - 37))
27
9 + (2 - ((-12 - -5) + 9))
9
What is the value of -11 + (10 + 17 + 12 - 5)?
23
-47 - (26 - 25) - (-18 - -3)
-33
Evaluate 1 + (-4 - 0) - (771 + -760).
-14
What is (0 + 3 - (51 - 50)) + -5 + 14?
11
Calculate (-30 - 12) + (46 - 9).
-5
What is the value of 2 + -15 + (21 - (3 + 6))?
-1
Evaluate (-38 - -4) + (2 - 9) + -19 + 23.
-37
What is (23 - 23 - -1) + (11 - 0)?
12
What is (-114 - -105 - (11 - 2)) + 8?
-10
What is 316 + -316 - (1 - 0 - (-10 + 0))?
-11
Evaluate 20 - (1 + 0) - (-9 + 22 - 6).
12
What is the value of -509 + 527 + 2 + (-45 - 2)?
-27
Evaluate 27 + -28 + (-22 - -12).
-11
Calculate 19 + -29 + 3 + (-2 - 8).
-17
Calculate 7 + (-1 - -5) + -4 - (-3 - -4).
6
(-3 - 23) + 16 - -5
-5
Calculate (1 - 9) + (-23 + -15 - -46) + 11.
11
What is (-45 - -40) + -16 + 33?
12
What is 1 + -13 + 2 + 27?
17
Evaluate -9 + 2 + -1 + -6 + 10 + -8.
-12
-2 - 19 - (107 - 135)
7
What is the value of -36 + 28 + 0 + 5 + -13?
-16
Evaluate -6 - (-7 - -6) - -4 - (-5 - -16).
-12
Calculate -75 + 65 + (1 - -1 - (2 - -1)).
-11
Calculate 5 + 1 + -2 + -15.
-11
5 - (5 + (9 - 3))
-6
(-2 - (1 + -1)) + (81 - 82)
-3
Evaluate -1 - (18 + -8 + -1 - 2).
-8
30 + (-4 + 5 - 30)
1
Evaluate -13 + 0 + 7 + 24 + -7 + -22.
-11
4 - (6 + (1 + -22 - 6))
25
What is the value of -8 + 8 + 22 + -5 + 4?
21
Calculate 22 - (3 - (-9 - -10)).
20
What is the value of 24 + -35 - (-4 - 7)?
0
Evaluate (-12 - -2) + (0 + 5 - (-9 + -12)).
16
What is 19 + -17 - (-16 + 3)?
15
Evaluate -2 + 0 - -1 - (-3 + (22 - 15)).
-5
Evaluate (-8 - -1) + (38 - (-9 - (6 + -30))).
16
Evaluate (5 - (-7 - -17 - -11)) + -6.
-22
Evaluate -43 + 54 + -6 + 0 - 1.
4
What is the value of 9 + 33 + 14 + (-43 - -15)?
28
What is the value of -7 + -2 + 4 - 6 - (-28 + 9)?
8
Calculate -12 - 19 - -7 - (-14 + 4).
-14
What is -19 - (-4 + 23 + -21) - (-2 + -2)?
-13
Evaluate -38 + (8 - (-17 - -39)) - -18.
-34
7 - (15 - 16 - 14)
22
Evaluate 122 - 174 - (-13 - (7 - 4)).
-36
What is -3 - -60 - 33 - 27?
-3
(24 + -17 - (3 - 0)) + 3 + 2
9
What is -2 + 5 + -5 + (9 - 18)?
-11
What is the value of 8 + -8 + 7 - 2?
5
What is the value of (2 - 1) + (10 - (-26 + 43))?
-6
What is 9 - (-3 + 5 + (-5 - -5 - 0))?
7
What is 21 - 11 - 8 - (2 + -5 + 7)?
-2
What is the value of -8 + (-4 - (-1 + (-7 - -2)))?
-6
What is the value of 7 + -1 + (11 + -6 + -7 - 1)?
3
What is the value of -22 + -24 + (13 - -20)?
-13
